= -10*u**2 + 28*u + 21. Let w(i) = 11*l(i) + 7*v(i). Calculate w(3).
4
Let v = 36084 - 36074. Let a(y) = -y**3 + 10*y**2 - 9*y + 57. What is a(v)?
-33
Let g(w) = -9 + 18*w - 6*w - 10*w - 10*w. Let a(y) = -3*y - 3. Let x(u) = -3*a(u) + g(u). Let t(h) = -h - 4. Let v be t(3). Give x(v).
-7
Let z(a) = -a**2 + 533*a - 3178. Let d be z(6). Let n(t) = t**2 + 4*t - 190. What is n(d)?
2
Let y(s) be the first derivative of -s**3 + 8*s**2 + 11*s - 119. Let a(g) = 5*g**2 - 24*g - 16. Let v(m) = 5*a(m) + 8*y(m). Let z = -13 - -7. Determine v(z).
-4
Let c be (-1 + -5)/(-3)*(3 - 2). Let o(y) = 81*y**c - 1 + 3*y - 2 + y**3 - 85*y**2. Determine o(4).
9
Suppose 0 = 67*n - 66*n + 209. Let q = n + 199. Let g(m) = m + 14. What is g(q)?
4
Let r(h) = -4*h**2 - 13. Let d(n) = -260*n + 26. Let y be d(-4). Let k(m) = y*m + m**2 - 1066*m. Let z(q) = 3*k(q) + r(q). Calculate z(0).
-13
Let g(p) = 8*p**3 + 2*p**2 + p. Let k be (-1)/(5/((-30)/(-27)) + -4). Let s(n) = n**3 - 4*n - 1. Let u be s(2). Let f = k - u. Give g(f).
-7
Let p = -23 - -16. Let r = p - -6. Let b(h) be the first derivative of -3*h**3 + h**2/2 - 24. What is b(r)?
-10
Let i(z) = -5*z + 4*z - 45*z**2 + 49*z**2 + z**3 - 2*z**3 - 4. Determine i(2).
2
Let x = 237 + -237. Let h(c) be the second derivative of -c**5/20 + c**4/12 - 2*c**2 - 19*c. Calculate h(x).
-4
Let n(d) be the first derivative of d**5/120 - 7*d**4/24 - d**3/3 + 12*d + 178. Let i(x) be the third derivative of n(x). Give i(10).
3
Let d(o) = -o**3 - 9*o**2 + 8*o + 126. Let g be d(-8). Let r(h) be the first derivative of -h**4/4 + 2*h**3/3 + 2*h**2 + 3*h - 134. What is r(g)?
11
Let v(t) = 12*t - 4. Suppose -729*i + 730*i = -2*a + 2, -4*i + 5*a - 5 = 0. Calculate v(i).
-4
Let u(s) be the second derivative of -5*s**4/12 + 5*s**3/3 + 3*s**2 - 66*s + 12. Determine u(5).
-69
Let p(x) = -x**2 - 8*x - 8. Let j = 16 - -124. Suppose -4*a = 16*a + j. Give p(a).
-1
Let d be (-14)/(-63) + (100/(-18))/(-2). Suppose -2*x = -d*r - 5, 5*x = -0*x + 3*r - 1. Let i(j) = j**3 + 2*j**2 - j + 1. Determine i(x).
3
Let c(b) = b**3 + 9*b**2 - 11*b - 13. Let g be (-36)/(-10)*150/9. Suppose 0 = 11*u - 5*u + g. What is c(u)?
-3
Let p(w) = -2*w**2 + 10*w - 5. Let b(k) = k**3 - 4*k**2 - 41*k - 14. Let d be b(7). Let g = 159 + d. What is p(g)?
-5
Let k(m) = -m**2 - 22*m - 66. Let b be (819/(-315))/((-21)/(-5) - (-4 + 8)). Calculate k(b).
51
Let c be (4/(-6))/(1 - (-26)/(-24)). Let z(y) = -y**2 + 2*y + 41. What is z(c)?
-7
Let f(u) = -43*u. Let z be f(-2). Let h be 18/81 - z/(-18). Let r(p) = 126 + 37*p**3 + 0*p**2 - 4*p**2 - p - 128 - 36*p**3 - p**2. Give r(h).
-7
Let g(d) = -2*d**2 - 2. Let r = -173 - -180. Suppose m = 5*l - 22, 5*m - 10*l = -r*l - 22. Determine g(m).
-10
Let v(h) be the first derivative of -h**5/24 - 10*h**3/3 + 3*h**2/2 - 69. Let f(p) be the third derivative of v(p). Give f(-2).
10
Let m(j) be the third derivative of -5*j**4/12 - 79*j**3/6 - 3077*j**2. What is m(-5)?
-29
Let g(s) = 91*s + 97. Let z be g(-1). Let w(u) = -3*u + 10. Determine w(z).
-8
Let s(w) = 13 + 10 + 16*w + 16 - 38 + 12. Determine s(6).
109
Let s(a) = -3*a**2 - 43*a + 355. Let t be s(6). Let l(z) = -7*z**2 - 81*z - 41. Determine l(t).
3
Let l = 242/63 + -905/252. Let o(g) be the first derivative of 9*g + 7/3*g**3 + 7 - l*g**4 - 3*g**2. Give o(6).
9
Let t = 821 - 818. Suppose -3*j - j = -1092. Let c(f) = -t + j*f**2 + 3*f + 7*f**3 - 276*f**2 - 6*f**3. Calculate c(2).
-1
Let t(z) be the second derivative of -z**5/10 - 29*z**4/12 + 3*z**3 + 20*z**2 + 5185*z. Give t(-15).
-5
Suppose -16*r = 9*r - 9*r. Suppose -10*h - 4*h - 56 = r. Let u(n) = n**3 + 3*n**2 - 3*n + 1. Calculate u(h).
-3
Let k(i) = -i + 23. Let a be 5 + 5/3 + 20/60. Determine k(a).
16
Let r(c) be the first derivative of -c**3/3 + 2*c**2 + 1880. Let z(u) = u - 1. Let q be z(6). What is r(q)?
-5
Let b be ((-152)/(-6))/((-80)/(-70)*(-21)/(-18)). Let w(r) = r**3 - 22*r**2 + 58*r - 24. Give w(b).
-5
Let s(z) = 7*z - 122. Let q(d) = -20*d + 336. Let n(w) = -4*q(w) - 11*s(w). Let u = 2 + 2. Calculate n(u).
10
Let i = -2147 - -2141. Let w(u) = u**3 + 4*u**2 - 10*u + 7. What is w(i)?
-5
Let f(p) = 1 - 4*p + 0*p - 3*p**2 + p**2. Let b(t) = 4*t**2 - 8*t - 6. Let w be b(-2). Suppose 2*v + 34 = w. Determine f(v).
-15
Let l(o) be the third derivative of -o**5/60 - o**4/24 + o**3/6 + o**2. Let u = 1158 - 1182. Let g(r) = -21*r - 501. Let y be g(u). What is l(y)?
-11
Let u(w) = -238*w**2 - 41*w. Let y(g) = -344*g**2 - 61*g - 1. Let q(h) = -13*u(h) + 9*y(h). What is q(-9)?
-27
Let w(l) = 4*l**3 + 9*l**2 + 19*l - 11. Let u(r) = -5*r**3 - 8*r**2 - 19*r + 10. Let f(t) = -3*u(t) - 4*w(t). Let p = 611 - 621. Give f(p).
4
Suppose -61*d = -57*d - 12. Let c(i) = 2*i**2 - 15*i - 9. Let q(f) = 3*f**2 - 29*f - 16. Let y(a) = d*q(a) - 5*c(a). What is y(-9)?
24
Let q(j) = -3*j - 34. Let t be 0/(5/(-6) - (-23)/6). What is q(t)?
-34
Let s(j) = j + 20. Let m(v) = v**2 + 8*v + 5. Let r be m(-4). Let o = -5048 + 5046. Let a be o/r + 2/(-11). What is s(a)?
20
Let h(j) = -j**2 + 2*j + 6. Let y(a) = 108 - a**2 + 76 + 122 - 29*a - 503 + 102. Let r be y(-25). Calculate h(r).
-9
Let p(h) = 12*h - 1. Suppose 0 = -3*i - 3*d - 18, -5*i - 34 = 8*d - 4*d. Let k be 10/i - (-4)/2. What is p(k)?
11
Let k(o) be the third derivative of o**5/30 - 11*o**4/12 + 47*o**3/6 - 5*o**2 + 412. Calculate k(9).
11
Let y(w) = 5*w**3 + w**2 - 1. Let c(i) = 6*i**3 - 3*i**2 + 3*i. Let u be c(1). Let h be -1 - (u/(-6) - (-2)/(-2)). What is y(h)?
5
Suppose -1 = 3*r - 16. Let m(w) = 7*w - 101. Let d(t) = 8*t - 121. Let c(a) = -5*d(a) + 6*m(a). Give c(r).
9
Let t(p) be the first derivative of p**3/3 + p**2/2 + 10*p - 737. Give t(3).
22
Let c(h) = 98*h + 2*h**2 - 11 - h**2 - 100*h. Let d(g) = -g**2 + g + 12. Let q(k) = -5*c(k) - 4*d(k). Give q(8).
-9
Let n(k) = -7*k**2 + 27*k + 3. Let w be (-58)/551 + 78/19. Calculate n(w).
-1
Let r(o) = -19 - 7 + 23 - 6*o + 6*o + 9*o + o**2. Determine r(0).
-3
Let m = 702 + -682. Let l(w) = m*w**3 + 5*w**2 + 0 - 4*w**3 - 17*w**3 + 7*w - 7. Calculate l(6).
-1
Let g(x) = 118*x**2 + 11*x + 12. Let o be g(4). Let r(c) = -1944 + o + 11*c. Determine r(-1).
-11
Suppose -2 = 2*z - 8. Let t(q) = q**3 - 4*q**2 - 5*q + 4. Let v be t(z). Let w = v + 16. Let u(s) = s**3 + 5*s**2 + 4*s. Determine u(w).
0
Let d(t) be the third derivative of t**4/24 + t**3/6 - 2127*t**2. Determine d(-2).
-1
Let u(m) = -35*m + 18. Let b(q) = -6*q + 1. Let t(l) = 6*b(l) - u(l). Give t(-8).
-4
Let q(n) = -4*n**3 + 7*n**2 - 4*n - 8. Let i(z) = -z**3 - 2*z**2 + z + 3. Let c(w) = 3*i(w) - q(w). Determine c(12).
-43
Let l(r) = 6*r + r**2 - 4 + 0*r**3 - 9*r + 5*r**3. Determine l(-3).
-121
Let r = -1 - 0. Suppose 3*a - 1926 = -4*d, -4*a + 22*d + 2543 = 19*d. Let c(g) = 1285*g + 1 - a*g - 643*g. Give c(r).
-3
Let q = -5837 + 5811. Let f(v) = v**2 + 39*v + 342. What is f(q)?
4
Let z be 1 - 0/(-1) - -5. Let c = -183 - -185. Let h(t) = 2*t - 12294 + 12294 - 6*t**c + t**3. Calculate h(z).
12
Let y(n) = 2*n**2 + 15*n - 22. Suppose 0 = 139*a + 104*a + 2187. Determine y(a).
5
Let n be ((-8)/(-6))/(4/18). Let o(q) = 59*q**2 + 18*q - 19. Let k(h) = 15*h**2 + 3*h - 4. Let a(m) = 4*k(m) - o(m). Calculate a(n).
3
Let u = 0 - -2. Let p be (13 - (5 - 0)) + (6 - 11). Let j(v) = 32*v**2 + 37*v**2 + p*v + 3 - 70*v**u. What is j(3)?
3
Let b(c) be the first derivative of c**3 + 13*c**2/2 + 30*c - 3438. Determine b(-3).
18
Let i = 22127 - 22145. Let m(v) = -v**3 - 18*v**2 - v + 38. Determine m(i).
56
Let h(l) be the second derivative of 7*l**4/12 + l**3/6 + l**2/2 - 38330*l + 1. Suppose -18 = 3*j - 3*i, -3*i + i + 4 = 2*j. Determine h(j).
27
Let c(v) = -v**3 - 11*v**2 - 2*v - 11. Let h = 1603 + -1614. Determine c(h).
11
Let r(t) = -6*t - 23. Let l(w) = 5*w + 16. Let p(n) = 7*l(n) + 5*r(n). Give p(-11).
-58
Let b(g) = -g**3 + 5*g**2 - 4*g + 17. Suppose 0 = 4*p - 5*m - 54, 0*m = -3*p - m + 12. Calculate b(p).
-43
Let z(s) = -8*s - 12. Let u be z(-2). Suppose 4*j + 16 = u*n, j + 0*n + 16 = 5*n. Let a(c) = -18*c**2 + 1. Calculate a(j).
-17
Let k(o) = -2*o + 20. Suppose 42 = 9021*w - 9014*w. Give k(w).
8
Let i = 6 + -4. Let q(x) be the second derivative of -x**4/6 - x**3/6 - x**2 - 10*x - 57. Give q(i).
-12
Let p(o) = 6*o + 5. Let n be (110/(4 + 6))/(1/(-1)). Let w(t) = -t - 1. Let d(b) = n*w(b) - 2*p(b). Determine d(6).
-5
Le